 r(13). Let a(d) = 3*d - 10. Let t(k) = k - 4. Let b(c) = y*t(c) + 6*a(c). What is b(-6)?
2
Let o be (-5 + 1 + 8)/((-8)/(-36)). Suppose 0 = 5*l, o = -5*n + 4*l - 7. Let y(z) = 3*z + 4. Calculate y(n).
-11
Suppose -43*r + 37 = -48*r - 3*y, 3*r = 5*y + 5. Let b(f) = -5*f**2 - 4*f + 4*f**2 - 1 + 2*f. What is b(r)?
-16
Let i(c) = -2*c**3 - 37*c**2 + 20*c + 14. Suppose 608 - 349 + 729 = -52*o. Calculate i(o).
-5
Let y = 28 - 22. Suppose 0 = -y*o + 8*o - 6. Let q(c) = c**2 + c - 4. Let d(u) = -u**2 - u + 4. Let x(j) = -3*d(j) - 2*q(j). What is x(o)?
8
Let u(w) be the second derivative of 5*w**3/3 - 53*w**2/2 - 5*w - 192. Give u(8).
27
Let j(n) = -3*n - 69. Let m be j(-26). Let i(b) = b**3 - 9*b**2 + 3*b - 14. Give i(m).
13
Suppose -4*n - 32 + 28 = 0, 4*y = -2*n - 10. Let x(c) = 2*c**2 - 4*c - 7. Determine x(y).
9
Let r(t) be the third derivative of t**6/120 - 7*t**5/30 - 5*t**4/8 + 5*t**3/3 - 11545*t**2. Suppose 5*u + i - 76 = 0, -5*i + i = -2*u + 26. What is r(u)?
10
Let j(w) be the first derivative of -75 + w + 1/3*w**3 - 3*w**2. Give j(4).
-7
Let m(z) = -43*z**2 - 38*z - 22. Let w(p) = 15*p**2 + 14*p + 8. Let a(g) = 4*m(g) + 11*w(g). Calculate a(1).
-5
Suppose -25*t + 90 = -110. Suppose 4*b = o + 11, -t + 24 = 4*b. Let z(d) = 3 + 0*d - 3*d + 0. Determine z(o).
-12
Let y(h) = 0*h**3 + 10 - 7*h**2 - h**3 - h**2 - 7*h. Let x be 10 - 136/(-9 + 17). Calculate y(x).
10
Let d(o) = o + 6. Let s be ((-12)/(-30))/((-2)/(-250)). Let i = -22 + s. Suppose -27*y + i*y + 5 = 0. Determine d(y).
1
Let r(l) = 3*l**2 - 1. Let d(v) = -5*v. Let j be d(0). Suppose j = 8*h - h - 14. Suppose h - 6 = 2*p. Calculate r(p).
11
Let i(t) = 6*t + 12. Let x(m) = 7*m + 13. Let g(l) = 6*i(l) - 5*x(l). Let b = -68 + 60. Let h be g(b). Let v(r) = -5*r**3 + r**2. Determine v(h).
6
Let c(h) = 13*h - 13 + 5 + 4 - 8 - 8 - h**2. Let l = 9 - -3. Let t be c(l). Let j(g) = g**3 + 9*g**2 + 9*g + 7. Determine j(t).
-1
Let x(j) = -j**3 + 5*j**2 - 7*j + 1. Let u be x(2). Let r(p) = 7*p**2 - 11*p + 14. Let q(f) = 2*f**2 - f + 2. Let n(o) = u*r(o) + 4*q(o). Calculate n(-7).
-6
Let n(s) = -5*s - 5. Suppose 0 = 2*t - 4*j - 42, j - 54 = -4*t - j. Let l be (-2 - (3 - 4)) + t. Suppose 3*f = -l - 1. What is n(f)?
20
Let u = -358 + 577. Let z = 210 - u. Let l(r) = r + 19. Calculate l(z).
10
Let z be -4*(-5)/10 - (-4)/2. Suppose -2*m = -z*m - 10. Let a(r) = 3*r + 12. Determine a(m).
-3
Let t(r) be the second derivative of 11*r + 7/2*r**2 - 1/6*r**3 + 0. Let c(l) = 2*l - 2. Let o be c(4). What is t(o)?
1
Let z(o) = -4*o**3 - 11*o**2 + 18*o + 13. Let i(j) = -5*j**3 - 10*j**2 + 19*j + 9. Let u(f) = -5*i(f) + 6*z(f). Give u(15).
3
Let q(s) = -2*s**2 + 140*s - 1730. Let u be q(16). Let p(i) = 33*i + 69. Determine p(u).
3
Let t = 37 - 30. Suppose 0 = -t*m - 21 + 35. Let r(z) = 2*z**3 - 2*z**2 - 2*z + 3. What is r(m)?
7
Let o(x) = 2*x**2 + 8*x - 1. Let a be o(-3). Let t be -1 - 0 - (12 + 56/a). Let v(h) = -h - 3. What is v(t)?
2
Let f(w) = -w**3 - w**2 + 1. Let t(n) be the first derivative of -n**4 - 7/3*n**3 + 0*n**2 + 8 + 6*n. Let o(r) = -5*f(r) + t(r). Calculate o(2).
1
Let y(p) = p**3 + 8*p**2 + 13*p + 25. Let s be y(-6). Suppose 4*k - 48 = -2*h, -s*k + h = -18*k - 12. Let t(r) = r**3 - 12*r**2 + r - 16. Calculate t(k).
-4
Suppose 4*a + 1400 = 9*a. Let u be (-2)/(-9) + a/(-45) + 6. Let f(x) = 65*x**3 - 64*x**3 - 4*x**2 - 8 + 5*x**2 - x + 2*x. Determine f(u).
-8
Let j(i) be the first derivative of -i**6/120 + 11*i**5/60 + 5*i**4/12 + 13*i**3/6 - 47*i**2 + 84. Let x(g) be the second derivative of j(g). Calculate x(12).
-11
Let r(a) be the third derivative of -7*a**4/24 + a**3/3 + 33*a**2 + 5. Determine r(0).
2
Let v = 61 + -11. Suppose 74*g = 79*g - v. Suppose g = 5*n - 2*a, 3*n - 5 = -0*n + a. Let i(d) = -d**3 - d**2 - d - 9. Give i(n).
-9
Let s(n) = 17*n + 3. Suppose 0 = -276*u + 50*u + 1582. Calculate s(u).
122
Suppose y - 935 = -4*t, -284 = -3*t + 3*y + 406. Let r(l) = 76 - 3*l + 82 + 79 - t. Give r(-1).
7
Let q(u) = -u**2 + 3. Let f be 1674/(-486) + (-1 - -4 - (-184)/(-72)). What is q(f)?
-6
Let w(a) = -3*a**2 - 9*a + 35. Let q be w(-5). Let x(p) = q - 7 - 2*p - 1 - 2 - 2. Let u(g) = g**3 - 5*g**2 + 4*g - 5. Let s be u(4). Determine x(s).
3
Suppose 12*v = -111 + 63. Let n(c) = c**3 - c**2 - c. Let d(o) = 2*o**3 - 7*o**2 - 4*o + 3. Let b(u) = d(u) - 3*n(u). Calculate b(v).
7
Let j(a) = -a**3 - 5*a**2 + a + 4. Let f be j(-4). Let x = f - -9. Let y(o) be the first derivative of o**4/4 + 8*o**3/3 + 5*o**2/2 - 6*o - 152. What is y(x)?
8
Let b(z) = 4*z**3 - 13*z**2 - 10*z + 23. Let n be b(2). Let t(y) = -y**3 - 18*y**2 - 17*y + 2. Determine t(n).
2
Let w(d) = d - 3. Let y be w(6). Let a be (4 - 4 - y) + 6. Let q(t) = t**2 - 6*t**2 + t**a + 7 + 9 - 6*t - 20. Give q(6).
-4
Let c(p) = -52*p - 262. Let j be c(-18). Let v = -674 + j. Let w(b) = -b**3 - b**2 + b - 29. Give w(v).
-29
Let v(s) = s**3 + 30*s**2 + 12*s - 14. Let i be v(-30). Let j be (-2)/(-17) - 1078/i. Let t(u) = -u**3 + 3*u**2 - u + 3. Give t(j).
0
Let p(q) = 2*q**2 + 16*q. Let k(n) = 2*n**2 + 13*n. Let u(j) = 5*k(j) - 4*p(j). Suppose 4*o = -20 + 88. Let t = o - 16. Determine u(t).
3
Let c(j) be the first derivative of -118 + 1/2*j**2 + 3*j. Give c(-3).
0
Let q(k) = -2*k**2 + k - 4 + 4*k**2 + 0*k**2. Let w(n) = 2*n**2 + n - 5. Let t(u) = 4*q(u) - 3*w(u). Suppose -5*y + 0 = -5. Give t(y).
2
Suppose -5*j + 0 - 1 + 11 = 0. Let d(y) be the third derivative of -27*y**j - 5/24*y**4 + 0 + 0*y - y**3. Calculate d(-4).
14
Let i(c) = -199*c - 10 - 19 - 199*c - 34 + 404*c. Determine i(11).
3
Let r be (-4)/6 + 70/15. Suppose -u + 6 = r. Let w be -3*(-2)/4*u. Let q(l) = l**2 - 4*l - 1. Calculate q(w).
-4
Let t(u) = u + 6. Suppose -3*j - 2*g + 19 = 0, 0 = 4*j + 5*g - 10 - 13. Let w be (-5)/(-1) - (-7 + j). Give t(w).
11
Let q(k) = k**2 - k - 1. Let l(u) = 107*u - 327. Let w be l(3). Let r(d) = -4*d + 7*d**2 - 3*d + 0*d**2 - 8. Let i(o) = w*q(o) + r(o). Give i(0).
-2
Let d(o) = 3*o - 1. Let v(s) = 5*s - 1. Let j(b) = -8*d(b) + 5*v(b). Let y be j(-6). Let w(a) = 3521 + 3527 + 3519 - a + 3520 - 14091. Calculate w(y).
-1
Let p be (-2)/15 - (-939)/(-45). Let f = p + 56. Let y(h) = 3 + f*h**2 - 59*h**2 + 2*h - 4 + 27*h**2. What is y(2)?
15
Let y(m) = 31*m**2 + 2 - m**3 - 3*m - 3 - 33*m**2 + 0. Let v be 0 - 6 - (0 + -3). What is y(v)?
17
Let w(p) = 6*p + 2*p**2 + 2 + p**3 - 2*p + 0*p**3. Let i(n) = n**2 + 4*n - 20. Let x be i(-7). Suppose -2*d - 3 = -v, d + 3*v - x = 3*d. What is w(d)?
-6
Let u be 8/((-315)/385 - (-4)/(-22)). Let h be (-2)/3*66*(-2)/u. Let c(q) = q**2 + 14*q + 14. Give c(h).
-19
Let c(h) be the third derivative of -h**6/120 + 13*h**5/30 - h**4/8 + 38*h**3/3 + 868*h**2 - 6. Calculate c(26).
-2
Let y(v) = -v**3 + 26*v**2 - 28*v + 81. Let q(k) = k**3 + 35*k**2 - 106*k + 329. Let d be q(-38). What is y(d)?
6
Let c be 1 + 1 - 4 - (18 - 23). Let i(n) = -6*n**2 + 2*n - 14. Give i(c).
-62
Let k(b) = -3*b - 42. Suppose 57*v = 59*v - 3*l + 46, -3*v - 49 = -2*l. Give k(v).
-9
Suppose -4555*f + 4566*f = -44. Let j(x) = 2*x**2 + x + 19. Give j(f).
47
Suppose 4*v + 6*v = -7*v - v. Let l(b) = b + 11. Give l(v).
11
Let x(u) = -u**2 + 7*u - 4. Let p(m) = -10*m + 12. Let g = -4 - -1. Let o be p(g). Suppose -5*z = 2*z - o. What is x(z)?
2
Let x(d) be the second derivative of d**5/20 - 2*d**4/3 - 5*d**3/3 + 19*d**2/2 + 155*d - 3. Let c(g) = 3*g**2 + 5*g - 3. Let m be c(-3). Determine x(m).
10
Let k(c) = -c**2 + 10*c + 1126. Let g be k(39). Let n(w) = -4*w - 10. Give n(g).
10
Let w be (-7 + 5)/(8/(-16)). Let b(d) = -6*d - 5 - d + 3*d + 3*d + d**2. Give b(w).
7
Suppose 3*n - 5317 = -3*n - 5227. Let t(u) = -2*u**3 + 32*u**2 - 32*u + 39. Calculate t(n).
9
Let j(b) = -51*b**2 + 3*b - 24 + 24 - 2*b. Let z(m) = 29*m**3 - 206*m**2 + 22*m - 8. Let x be z(7). Calculate j(x).
-52
Let i(v) = v**3 - 6*v**2 - 3*v + 4. Suppose 0 = -2*g - 12, q + 22 = 3*q - g. What is i(q)?
108
Suppose 10 = 3*i + 16. Let d(h) = h**2 + 1. Let g(k) = -k**2 - 7*k + 2. Let p(t) = i*d(t) - g(t). What is p(6)?
2
Let k(j) = 12*j**2 + 2*j**2 + 7*j + 9 - 13*j**2 - 3. Suppose 20 = 52*g - 56*g, 3*q - 2*g + 5 = 0. Calculate k(q).
-4
Let p be 2/(-1 + -1)*(3922/(-74) - -44). Let x(t) = -2*t**2 + 20*t - 9. Determine x(p).
9
Let m(o) = 9*o**2 - o - 1. Suppose 0 = -4*x + 5*i + 18, -8 = -3*x - 9*i + 10*i. What is m(x)